{"id":1592,"date":"2024-03-20T12:56:03","date_gmt":"2024-03-20T12:56:03","guid":{"rendered":"http:\/\/www.kmtcoding.com\/packaging\/?post_type=product&#038;p=1592"},"modified":"2025-01-13T13:52:55","modified_gmt":"2025-01-13T13:52:55","slug":"automatic-pillow-packing-machine-top-film","status":"publish","type":"product","link":"https:\/\/www.kmtcoding.com\/packaging\/?product=automatic-pillow-packing-machine-top-film","title":{"rendered":"FLOWPACK BG-250-Machine d&#8217;emballage automatique d&#8217;emballage de flux d&#8217;oreiller horizontal de sac de biscuit de chocolat de pain de savon de moteur servo&#8230;"},"content":{"rendered":"<p>Caract\u00e9ristiques<br \/>\n01 Moteurs doubles, convertisseur et contr\u00f4leur PLC, r\u00e9glage et coupe flexibles de la longueur du sac, gain de temps et de film.<br \/>\n02 interface homme-machine, param\u00e9trage pratique et rapide.<br \/>\n03 Fonction d&#8217;autodiagnostic d&#8217;\u00e9chec, \u00e9chec affich\u00e9 clairement.<br \/>\n04 Syst\u00e8me de suivi de marque de couleur \u00e9lectrique optique haute sensibilit\u00e9 et position de coupe d&#8217;entr\u00e9e num\u00e9rique, qui rendent le scellage et la d\u00e9coupe plus pr\u00e9cis.<br \/>\n05 Syst\u00e8me de contr\u00f4le PID s\u00e9par\u00e9 pour la temp\u00e9rature, adapt\u00e9 \u00e0 divers mat\u00e9riaux d&#8217;emballage.<br \/>\n06 Arr\u00eat de la machine en position s\u00e9lectionn\u00e9e, pas de collage sur le couteau et pas de gaspillage du film.<br \/>\n07 Syst\u00e8me de conduite simple, fonctionnement fiable, entretien pratique.<br \/>\n08 Tout contr\u00f4l\u00e9 par programme, pratique pour le r\u00e9glage et la mise \u00e0 niveau des fonctions.<br \/>\nAvantage<br \/>\n01 Efficace : Confection de sacs, remplissage, scellage, d\u00e9coupe, chauffage, date \/ num\u00e9ro de lot r\u00e9alis\u00e9s en une seule fois.<br \/>\n02 Intelligent : la vitesse d&#8217;emballage et la longueur du sac peuvent \u00eatre r\u00e9gl\u00e9es via l&#8217;\u00e9cran sans changement de pi\u00e8ces.<br \/>\n03 Profession : Contr\u00f4leur de temp\u00e9rature ind\u00e9pendant avec \u00e9quilibre thermique permettant diff\u00e9rents mat\u00e9riaux d&#8217;emballage ; Contr\u00f4leur \u00e0 double onduleur, syst\u00e8me PLC \u00e9volutif, diagnostic d&#8217;auto-d\u00e9faillance, double encodeur.<br \/>\n04 Caract\u00e9ristique : Fonction d&#8217;arr\u00eat automatique, avec fonctionnement s\u00fbr et sauvegarde du film.<br \/>\n05 Pratique : faible perte, \u00e9conomie de main-d&#8217;\u0153uvre, facile \u00e0 utiliser et \u00e0 entretenir.<br \/>\n06 Adaptabilit\u00e9 : un ensemble de machines peut \u00eatre appliqu\u00e9 \u00e0 diff\u00e9rents types de produits via des dispositifs optionnels, tels qu&#8217;un dispositif de remplissage d&#8217;air, un dispositif de poin\u00e7onnage, une ligne d&#8217;alimentation, etc.<br \/>\nApplications<br \/>\nCette machine convient \u00e0 l&#8217;emballage d&#8217;objets courants, tels que des biscuits, des fruits, des bonbons, des g\u00e2teaux de lune, du pain, des barres, des desserts, des nouilles instantan\u00e9es, des pi\u00e8ces industrielles, des bo\u00eetes, des plateaux, des masques faciaux, etc.<\/p>\n<p><\/p>\n<h2 style=\"background-color:#0d8d36;color:white;text-align:center;\">Get Price &amp; More Details<\/h2>\n<div class=\"wpforms-container wpforms-container-full wpforms-render-modern\" id=\"wpforms-861\"><form id=\"wpforms-form-861\" class=\"wpforms-validate wpforms-form wpforms-ajax-form\" data-formid=\"861\" method=\"post\" enctype=\"multipart\/form-data\" action=\"\/packaging\/index.php?rest_route=%2Fwp%2Fv2%2Fproduct%2F1592\" data-token=\"b161419f4c3a87b7b84eb300cb5dbc2d\"><noscript class=\"wpforms-error-noscript\">Veuillez activer JavaScript dans votre navigateur pour remplir ce formulaire.<\/noscript><div class=\"wpforms-hidden\" id=\"wpforms-error-noscript\">Veuillez activer JavaScript dans votre navigateur pour remplir ce formulaire.<\/div><div class=\"wpforms-field-container\"><div id=\"wpforms-861-field_1-container\" class=\"wpforms-field wpforms-field-name wpforms-one-half wpforms-first\" data-field-id=\"1\"><label class=\"wpforms-field-label wpforms-label-hide\" for=\"wpforms-861-field_1\" aria-hidden=\"false\">Name <span class=\"wpforms-required-label\" aria-hidden=\"true\">*<\/span><\/label><input type=\"text\" id=\"wpforms-861-field_1\" class=\"wpforms-field-large wpforms-field-required\" name=\"wpforms[fields][1]\" placeholder=\"Name\" aria-errormessage=\"wpforms-861-field_1-error\" required><\/div><div id=\"wpforms-861-field_2-container\" class=\"wpforms-field wpforms-field-text wpforms-one-half\" data-field-id=\"2\"><label class=\"wpforms-field-label wpforms-label-hide\" for=\"wpforms-861-field_2\" aria-hidden=\"false\">Tel <span class=\"wpforms-required-label\" aria-hidden=\"true\">*<\/span><\/label><input type=\"text\" id=\"wpforms-861-field_2\" class=\"wpforms-field-large wpforms-field-required\" name=\"wpforms[fields][2]\" placeholder=\"Tel\" aria-errormessage=\"wpforms-861-field_2-error\" required><\/div><div id=\"wpforms-861-field_3-container\" class=\"wpforms-field wpforms-field-email wpforms-one-half wpforms-first\" data-field-id=\"3\"><label class=\"wpforms-field-label wpforms-label-hide\" for=\"wpforms-861-field_3\" aria-hidden=\"false\">Email <span class=\"wpforms-required-label\" aria-hidden=\"true\">*<\/span><\/label><input type=\"email\" id=\"wpforms-861-field_3\" class=\"wpforms-field-large wpforms-field-required\" name=\"wpforms[fields][3]\" placeholder=\"Email\" spellcheck=\"false\" aria-errormessage=\"wpforms-861-field_3-error\" required><\/div><div id=\"wpforms-861-field_4-container\" class=\"wpforms-field wpforms-field-text wpforms-one-half\" data-field-id=\"4\"><label class=\"wpforms-field-label wpforms-label-hide\" for=\"wpforms-861-field_4\" aria-hidden=\"false\">Country <span class=\"wpforms-required-label\" aria-hidden=\"true\">*<\/span><\/label><input type=\"text\" id=\"wpforms-861-field_4\" class=\"wpforms-field-large wpforms-field-required\" name=\"wpforms[fields][4]\" placeholder=\"Country\" aria-errormessage=\"wpforms-861-field_4-error\" required><\/div><div id=\"wpforms-861-field_5-container\" class=\"wpforms-field wpforms-field-textarea\" data-field-id=\"5\"><label class=\"wpforms-field-label wpforms-label-hide\" for=\"wpforms-861-field_5\" aria-hidden=\"false\">Your Message <span class=\"wpforms-required-label\" aria-hidden=\"true\">*<\/span><\/label><textarea id=\"wpforms-861-field_5\" class=\"wpforms-field-medium wpforms-field-required\" name=\"wpforms[fields][5]\" placeholder=\"Your Message\" aria-errormessage=\"wpforms-861-field_5-error\" required><\/textarea><\/div><\/div><!-- .wpforms-field-container --><div class=\"wpforms-submit-container\" ><input type=\"hidden\" name=\"wpforms[id]\" value=\"861\"><input type=\"hidden\" name=\"wpforms[author]\" value=\"2\"><button type=\"submit\" name=\"wpforms[submit]\" id=\"wpforms-submit-861\" class=\"wpforms-submit\" data-alt-text=\"Sending...\" data-submit-text=\"Submit\" aria-live=\"assertive\" value=\"wpforms-submit\">Submit<\/button><img src=\"https:\/\/www.kmtcoding.com\/packaging\/wp-content\/plugins\/wpforms-lite\/assets\/images\/submit-spin.svg\" class=\"wpforms-submit-spinner\" style=\"display: none;\" width=\"26\" height=\"26\" alt=\"Chargement en cours\"><\/div><\/form><\/div>  <!-- .wpforms-container -->\n","protected":false},"excerpt":{"rendered":"<p>Description<br \/>\nCette machine est con\u00e7ue pour emballer des mat\u00e9riaux de forme fixe dans des emballages en forme d&#8217;oreiller, adapt\u00e9e \u00e0 l&#8217;emballage de toutes sortes de produits solides de forme r\u00e9guli\u00e8re, y compris les denr\u00e9es alimentaires, telles que les biscuits, le pain, les g\u00e2teaux de lune, les bonbons, etc., les produits de base, les pi\u00e8ces industrielles, etc. Pour les petits morceaux et les articles s\u00e9par\u00e9s, ils doivent \u00eatre plac\u00e9s dans des bo\u00eetes ou attach\u00e9s en blocs avant que cette machine puisse \u00eatre utilis\u00e9e pour les emballer, et cette m\u00e9thode d&#8217;emballage est \u00e9galement applicable pour emballer d&#8217;autres produits non solides.<\/p>\n","protected":false},"featured_media":2421,"comment_status":"open","ping_status":"closed","template":"","meta":[],"product_cat":[290,298,324],"product_tag":[],"aioseo_notices":[],"_links":{"self":[{"href":"https:\/\/www.kmtcoding.com\/packaging\/index.php?rest_route=\/wp\/v2\/product\/1592"}],"collection":[{"href":"https:\/\/www.kmtcoding.com\/packaging\/index.php?rest_route=\/wp\/v2\/product"}],"about":[{"href":"https:\/\/www.kmtcoding.com\/packaging\/index.php?rest_route=\/wp\/v2\/types\/product"}],"replies":[{"embeddable":true,"href":"https:\/\/www.kmtcoding.com\/packaging\/index.php?rest_route=%2Fwp%2Fv2%2Fcomments&post=1592"}],"wp:featuredmedia":[{"embeddable":true,"href":"https:\/\/www.kmtcoding.com\/packaging\/index.php?rest_route=\/wp\/v2\/media\/2421"}],"wp:attachment":[{"href":"https:\/\/www.kmtcoding.com\/packaging\/index.php?rest_route=%2Fwp%2Fv2%2Fmedia&parent=1592"}],"wp:term":[{"taxonomy":"product_cat","embeddable":true,"href":"https:\/\/www.kmtcoding.com\/packaging\/index.php?rest_route=%2Fwp%2Fv2%2Fproduct_cat&post=1592"},{"taxonomy":"product_tag","embeddable":true,"href":"https:\/\/www.kmtcoding.com\/packaging\/index.php?rest_route=%2Fwp%2Fv2%2Fproduct_tag&post=1592"}],"curies":[{"name":"wp","href":"https:\/\/api.w.org\/{rel}","templated":true}]}}